{"id":4160,"date":"2025-06-10T08:37:24","date_gmt":"2025-06-10T06:37:24","guid":{"rendered":"https:\/\/www.crowd-in-motion.eu\/?post_type=events&#038;p=4160"},"modified":"2025-06-10T08:37:25","modified_gmt":"2025-06-10T06:37:25","slug":"cta-community-talk-gemeinsam-gestalten-wie-bottom-up-gelingt","status":"publish","type":"events","link":"https:\/\/www.crowd-in-motion.eu\/en\/events\/cta-community-talk-gemeinsam-gestalten-wie-bottom-up-gelingt\/","title":{"rendered":"CTA Community Talk \u2013 Gemeinsam gestalten: Wie Bottom-up gelingt"},"content":{"rendered":"\n<p>Zweitnutzung touristischer Fl\u00e4chen, alternative Mobilit\u00e4t &amp; echte Teilhabe gemeinsam denken: Wie gelingt echte Teilhabe im Tourismus \u2013 jenseits von Symbolik? Und was bedeutet das ganz konkret f\u00fcr die Nutzung von R\u00e4umen, Mobilit\u00e4tskonzepte oder den Dialog mit der lokalen Bev\u00f6lkerung?<\/p>\n\n\n\n<p>Partizipationsprozesse, Bottom-up-Initiativen und kreatives Stakeholder-Engagement sind keine Schlagworte mehr \u2013 sondern zentrale Hebel, um Akzeptanz, Vertrauen und nachhaltige Entwicklungen im Tourismus zu f\u00f6rdern.<\/p>\n\n\n\n<p>In diesem CTA Community Talk widmen wir uns aktuellen Beispielen aus der Praxis \u2013 und starten mit einem&nbsp;<strong>Impuls von Katrin Erben<\/strong>, Nachhaltigkeitsexpertin bei der \u00d6sterreich Werbung, zum Stellenwert von echter Teilhabe f\u00fcr zukunftsf\u00e4higen Tourismus. Gemeinsam diskutieren wir:<\/p>\n\n\n\n<ul class=\"wp-block-list\">\n<li><strong>Wie kann touristische Infrastruktur gemeinschaftlich (weiter)genutzt werden?<\/strong><\/li>\n\n\n\n<li><strong>Was braucht es, damit Stakeholder:innen auf Augenh\u00f6he mitgestalten k\u00f6nnen?<\/strong><\/li>\n\n\n\n<li><strong>Wie sieht ein gelungener Dialogprozess aus, der langfristig Akzeptanz stiftet?<\/strong><\/li>\n<\/ul>\n\n\n\n<p>Anhand von Pilotprojekten und Erfahrungen aus l\u00e4ndlichen und urbanen Kontexten werfen wir einen kritischen Blick auf Chancen, Grenzen und Erfolgsfaktoren partizipativer Ans\u00e4tze \u2013 und diskutieren, wie echte Mitgestaltung statt symbolischer Beteiligung aussehen kann.<\/p>\n\n\n\n<p>Einblicke aus der Praxis geben&nbsp;<strong>Stephan Obenaus (Projektmanager ARGE NextStep Tourism), Verena Sowa (Gr\u00fcnderin von like2camp) und Tanja Friedrich (Gr\u00fcnderin von Velovio)<\/strong>. Ihre unterschiedlichen Perspektiven zeigen, wie Konzepte zur Zweitnutzung touristischer Fl\u00e4chen und zur alternativen Mobilit\u00e4t in der Praxis umgesetzt werden k\u00f6nnen \u2013 und welche Rolle Partizipation dabei spielt.<\/p>\n\n\n\n<p><a href=\"https:\/\/events.teams.microsoft.com\/event\/cf91577b-19d9-401e-9be6-c68624ebcb6f@dcd4a37f-6b9c-46df-afa9-e4a3aa4bdef7\">Zur Veranstaltung und Registrierung.<\/a><\/p>\n\n\n\n<p><\/p>\n","protected":false},"featured_media":4161,"template":"","meta":{"_acf_changed":false,"site-sidebar-layout":"","site-content-layout":"","ast-main-header-display":"","ast-hfb-above-header-display":"","ast-hfb-below-header-display":"","ast-hfb-mobile-header-display":"","site-post-title":"","ast-breadcrumbs-content":"","ast-featured-img":"","footer-sml-layout":"","theme-transparent-header-meta":"","adv-header-id-meta":"","stick-header-meta":"","header-above-stick-meta":"","header-main-stick-meta":"","header-below-stick-meta":"","footnotes":""},"class_list":["post-4160","events","type-events","status-publish","has-post-thumbnail","hentry"],"acf":[],"_links":{"self":[{"href":"https:\/\/www.crowd-in-motion.eu\/en\/wp-json\/wp\/v2\/events\/4160","targetHints":{"allow":["GET"]}}],"collection":[{"href":"https:\/\/www.crowd-in-motion.eu\/en\/wp-json\/wp\/v2\/events"}],"about":[{"href":"https:\/\/www.crowd-in-motion.eu\/en\/wp-json\/wp\/v2\/types\/events"}],"version-history":[{"count":1,"href":"https:\/\/www.crowd-in-motion.eu\/en\/wp-json\/wp\/v2\/events\/4160\/revisions"}],"predecessor-version":[{"id":4163,"href":"https:\/\/www.crowd-in-motion.eu\/en\/wp-json\/wp\/v2\/events\/4160\/revisions\/4163"}],"wp:featuredmedia":[{"embeddable":true,"href":"https:\/\/www.crowd-in-motion.eu\/en\/wp-json\/wp\/v2\/media\/4161"}],"wp:attachment":[{"href":"https:\/\/www.crowd-in-motion.eu\/en\/wp-json\/wp\/v2\/media?parent=4160"}],"curies":[{"name":"wp","href":"https:\/\/api.w.org\/{rel}","templated":true}]}}

<p>Zweitnutzung touristischer Flächen, alternative Mobilität &amp; echte Teilhabe gemeinsam denken: Wie gelingt echte Teilhabe im Tourismus – jenseits von Symbolik? Und was bedeutet das ganz konkret für die Nutzung von Räumen, Mobilitätskonzepte oder den Dialog mit der lokalen Bevölkerung?</p>



<p>Partizipationsprozesse, Bottom-up-Initiativen und kreatives Stakeholder-Engagement sind keine Schlagworte mehr – sondern zentrale Hebel, um Akzeptanz, Vertrauen und nachhaltige Entwicklungen im Tourismus zu fördern.</p>



<p>In diesem CTA Community Talk widmen wir uns aktuellen Beispielen aus der Praxis – und starten mit einem&nbsp;<strong>Impuls von Katrin Erben</strong>, Nachhaltigkeitsexpertin bei der Österreich Werbung, zum Stellenwert von echter Teilhabe für zukunftsfähigen Tourismus. Gemeinsam diskutieren wir:</p>



<ul class="wp-block-list">
<li><strong>Wie kann touristische Infrastruktur gemeinschaftlich (weiter)genutzt werden?</strong></li>



<li><strong>Was braucht es, damit Stakeholder:innen auf Augenhöhe mitgestalten können?</strong></li>



<li><strong>Wie sieht ein gelungener Dialogprozess aus, der langfristig Akzeptanz stiftet?</strong></li>
</ul>



<p>Anhand von Pilotprojekten und Erfahrungen aus ländlichen und urbanen Kontexten werfen wir einen kritischen Blick auf Chancen, Grenzen und Erfolgsfaktoren partizipativer Ansätze – und diskutieren, wie echte Mitgestaltung statt symbolischer Beteiligung aussehen kann.</p>



<p>Einblicke aus der Praxis geben&nbsp;<strong>Stephan Obenaus (Projektmanager ARGE NextStep Tourism), Verena Sowa (Gründerin von like2camp) und Tanja Friedrich (Gründerin von Velovio)</strong>. Ihre unterschiedlichen Perspektiven zeigen, wie Konzepte zur Zweitnutzung touristischer Flächen und zur alternativen Mobilität in der Praxis umgesetzt werden können – und welche Rolle Partizipation dabei spielt.</p>



<p><a href="https://events.teams.microsoft.com/event/cf91577b-19d9-401e-9be6-c68624ebcb6f@dcd4a37f-6b9c-46df-afa9-e4a3aa4bdef7">Zur Veranstaltung und Registrierung.</a></p>



<p></p>
